{"id":219,"date":"2025-05-12T05:43:00","date_gmt":"2025-05-12T05:43:00","guid":{"rendered":"https:\/\/dronesil.com.tr\/?page_id=219"},"modified":"2025-05-15T11:34:43","modified_gmt":"2025-05-15T11:34:43","slug":"dronesil-iletisim","status":"publish","type":"page","link":"https:\/\/dronesil.com.tr\/index.php\/dronesil-iletisim\/","title":{"rendered":"\u0130leti\u015fim"},"content":{"rendered":"","protected":false},"excerpt":{"rendered":"","protected":false},"author":7,"featured_media":0,"parent":0,"menu_order":0,"comment_status":"closed","ping_status":"closed","template":"","meta":{"footnotes":""},"class_list":["post-219","page","type-page","status-publish","hentry"],"yoast_head":"<!-- This site is optimized with the Yoast SEO plugin v25.1 - https:\/\/yoast.com\/wordpress\/plugins\/seo\/ -->\n<title>\u0130leti\u015fim - Dronesil Tar\u0131m<\/title>\n<meta name=\"description\" content=\"Bien tar\u0131m ve havac\u0131l\u0131k zirai dron sat\u0131\u015f\u0131 ileti\u015fim sayfas\u0131. DJI zirai dronlar\u0131 i\u00e7in bizimle ileti\u015fime ge\u00e7in.\" \/>\n<meta name=\"robots\" content=\"index, follow, max-snippet:-1, max-image-preview:large, max-video-preview:-1\" \/>\n<link rel=\"canonical\" href=\"https:\/\/dronesil.com.tr\/index.php\/dronesil-iletisim\/\" \/>\n<meta property=\"og:locale\" content=\"tr_TR\" \/>\n<meta property=\"og:type\" content=\"article\" \/>\n<meta property=\"og:title\" content=\"\u0130leti\u015fim - Dronesil Tar\u0131m\" \/>\n<meta property=\"og:description\" content=\"Bien tar\u0131m ve havac\u0131l\u0131k zirai dron sat\u0131\u015f\u0131 ileti\u015fim sayfas\u0131. DJI zirai dronlar\u0131 i\u00e7in bizimle ileti\u015fime ge\u00e7in.\" \/>\n<meta property=\"og:url\" content=\"https:\/\/dronesil.com.tr\/index.php\/dronesil-iletisim\/\" \/>\n<meta property=\"og:site_name\" content=\"Dronesil Tar\u0131m\" \/>\n<meta property=\"article:publisher\" content=\"https:\/\/www.facebook.com\/bientarimvehavacilik\" \/>\n<meta property=\"article:modified_time\" content=\"2025-05-15T11:34:43+00:00\" \/>\n<meta name=\"twitter:card\" content=\"summary_large_image\" \/>\n<script type=\"application\/ld+json\" class=\"yoast-schema-graph\">{\"@context\":\"https:\/\/schema.org\",\"@graph\":[{\"@type\":\"WebPage\",\"@id\":\"https:\/\/dronesil.com.tr\/index.php\/dronesil-iletisim\/\",\"url\":\"https:\/\/dronesil.com.tr\/index.php\/dronesil-iletisim\/\",\"name\":\"\u0130leti\u015fim - Dronesil Tar\u0131m\",\"isPartOf\":{\"@id\":\"https:\/\/dronesil.com.tr\/#website\"},\"datePublished\":\"2025-05-12T05:43:00+00:00\",\"dateModified\":\"2025-05-15T11:34:43+00:00\",\"description\":\"Bien tar\u0131m ve havac\u0131l\u0131k zirai dron sat\u0131\u015f\u0131 ileti\u015fim sayfas\u0131. DJI zirai dronlar\u0131 i\u00e7in bizimle ileti\u015fime ge\u00e7in.\",\"breadcrumb\":{\"@id\":\"https:\/\/dronesil.com.tr\/index.php\/dronesil-iletisim\/#breadcrumb\"},\"inLanguage\":\"tr\",\"potentialAction\":[{\"@type\":\"ReadAction\",\"target\":[\"https:\/\/dronesil.com.tr\/index.php\/dronesil-iletisim\/\"]}]},{\"@type\":\"BreadcrumbList\",\"@id\":\"https:\/\/dronesil.com.tr\/index.php\/dronesil-iletisim\/#breadcrumb\",\"itemListElement\":[{\"@type\":\"ListItem\",\"position\":1,\"name\":\"Anasayfa\",\"item\":\"https:\/\/dronesil.com.tr\/\"},{\"@type\":\"ListItem\",\"position\":2,\"name\":\"\u0130leti\u015fim\"}]},{\"@type\":\"WebSite\",\"@id\":\"https:\/\/dronesil.com.tr\/#website\",\"url\":\"https:\/\/dronesil.com.tr\/\",\"name\":\"Dronesil Tar\u0131m\",\"description\":\"Zirai dron &amp; tar\u0131m teknolojileri\",\"publisher\":{\"@id\":\"https:\/\/dronesil.com.tr\/#organization\"},\"potentialAction\":[{\"@type\":\"SearchAction\",\"target\":{\"@type\":\"EntryPoint\",\"urlTemplate\":\"https:\/\/dronesil.com.tr\/?s={search_term_string}\"},\"query-input\":{\"@type\":\"PropertyValueSpecification\",\"valueRequired\":true,\"valueName\":\"search_term_string\"}}],\"inLanguage\":\"tr\"},{\"@type\":\"Organization\",\"@id\":\"https:\/\/dronesil.com.tr\/#organization\",\"name\":\"Dronesil Tar\u0131m\",\"url\":\"https:\/\/dronesil.com.tr\/\",\"logo\":{\"@type\":\"ImageObject\",\"inLanguage\":\"tr\",\"@id\":\"https:\/\/dronesil.com.tr\/#\/schema\/logo\/image\/\",\"url\":\"https:\/\/dronesil.com.tr\/wp-content\/uploads\/2023\/01\/bien.fw_.png\",\"contentUrl\":\"https:\/\/dronesil.com.tr\/wp-content\/uploads\/2023\/01\/bien.fw_.png\",\"width\":792,\"height\":792,\"caption\":\"Dronesil Tar\u0131m\"},\"image\":{\"@id\":\"https:\/\/dronesil.com.tr\/#\/schema\/logo\/image\/\"},\"sameAs\":[\"https:\/\/www.facebook.com\/bientarimvehavacilik\",\"https:\/\/www.instagram.com\/bientarimvehavacilik\/\"]}]}<\/script>\n<!-- \/ Yoast SEO plugin. -->","yoast_head_json":{"title":"\u0130leti\u015fim - Dronesil Tar\u0131m","description":"Bien tar\u0131m ve havac\u0131l\u0131k zirai dron sat\u0131\u015f\u0131 ileti\u015fim sayfas\u0131. DJI zirai dronlar\u0131 i\u00e7in bizimle ileti\u015fime ge\u00e7in.","robots":{"index":"index","follow":"follow","max-snippet":"max-snippet:-1","max-image-preview":"max-image-preview:large","max-video-preview":"max-video-preview:-1"},"canonical":"https:\/\/dronesil.com.tr\/index.php\/dronesil-iletisim\/","og_locale":"tr_TR","og_type":"article","og_title":"\u0130leti\u015fim - Dronesil Tar\u0131m","og_description":"Bien tar\u0131m ve havac\u0131l\u0131k zirai dron sat\u0131\u015f\u0131 ileti\u015fim sayfas\u0131. DJI zirai dronlar\u0131 i\u00e7in bizimle ileti\u015fime ge\u00e7in.","og_url":"https:\/\/dronesil.com.tr\/index.php\/dronesil-iletisim\/","og_site_name":"Dronesil Tar\u0131m","article_publisher":"https:\/\/www.facebook.com\/bientarimvehavacilik","article_modified_time":"2025-05-15T11:34:43+00:00","twitter_card":"summary_large_image","schema":{"@context":"https:\/\/schema.org","@graph":[{"@type":"WebPage","@id":"https:\/\/dronesil.com.tr\/index.php\/dronesil-iletisim\/","url":"https:\/\/dronesil.com.tr\/index.php\/dronesil-iletisim\/","name":"\u0130leti\u015fim - Dronesil Tar\u0131m","isPartOf":{"@id":"https:\/\/dronesil.com.tr\/#website"},"datePublished":"2025-05-12T05:43:00+00:00","dateModified":"2025-05-15T11:34:43+00:00","description":"Bien tar\u0131m ve havac\u0131l\u0131k zirai dron sat\u0131\u015f\u0131 ileti\u015fim sayfas\u0131. DJI zirai dronlar\u0131 i\u00e7in bizimle ileti\u015fime ge\u00e7in.","breadcrumb":{"@id":"https:\/\/dronesil.com.tr\/index.php\/dronesil-iletisim\/#breadcrumb"},"inLanguage":"tr","potentialAction":[{"@type":"ReadAction","target":["https:\/\/dronesil.com.tr\/index.php\/dronesil-iletisim\/"]}]},{"@type":"BreadcrumbList","@id":"https:\/\/dronesil.com.tr\/index.php\/dronesil-iletisim\/#breadcrumb","itemListElement":[{"@type":"ListItem","position":1,"name":"Anasayfa","item":"https:\/\/dronesil.com.tr\/"},{"@type":"ListItem","position":2,"name":"\u0130leti\u015fim"}]},{"@type":"WebSite","@id":"https:\/\/dronesil.com.tr\/#website","url":"https:\/\/dronesil.com.tr\/","name":"Dronesil Tar\u0131m","description":"Zirai dron &amp; tar\u0131m teknolojileri","publisher":{"@id":"https:\/\/dronesil.com.tr\/#organization"},"potentialAction":[{"@type":"SearchAction","target":{"@type":"EntryPoint","urlTemplate":"https:\/\/dronesil.com.tr\/?s={search_term_string}"},"query-input":{"@type":"PropertyValueSpecification","valueRequired":true,"valueName":"search_term_string"}}],"inLanguage":"tr"},{"@type":"Organization","@id":"https:\/\/dronesil.com.tr\/#organization","name":"Dronesil Tar\u0131m","url":"https:\/\/dronesil.com.tr\/","logo":{"@type":"ImageObject","inLanguage":"tr","@id":"https:\/\/dronesil.com.tr\/#\/schema\/logo\/image\/","url":"https:\/\/dronesil.com.tr\/wp-content\/uploads\/2023\/01\/bien.fw_.png","contentUrl":"https:\/\/dronesil.com.tr\/wp-content\/uploads\/2023\/01\/bien.fw_.png","width":792,"height":792,"caption":"Dronesil Tar\u0131m"},"image":{"@id":"https:\/\/dronesil.com.tr\/#\/schema\/logo\/image\/"},"sameAs":["https:\/\/www.facebook.com\/bientarimvehavacilik","https:\/\/www.instagram.com\/bientarimvehavacilik\/"]}]}},"_links":{"self":[{"href":"https:\/\/dronesil.com.tr\/index.php\/wp-json\/wp\/v2\/pages\/219","targetHints":{"allow":["GET"]}}],"collection":[{"href":"https:\/\/dronesil.com.tr\/index.php\/wp-json\/wp\/v2\/pages"}],"about":[{"href":"https:\/\/dronesil.com.tr\/index.php\/wp-json\/wp\/v2\/types\/page"}],"author":[{"embeddable":true,"href":"https:\/\/dronesil.com.tr\/index.php\/wp-json\/wp\/v2\/users\/7"}],"replies":[{"embeddable":true,"href":"https:\/\/dronesil.com.tr\/index.php\/wp-json\/wp\/v2\/comments?post=219"}],"version-history":[{"count":2,"href":"https:\/\/dronesil.com.tr\/index.php\/wp-json\/wp\/v2\/pages\/219\/revisions"}],"predecessor-version":[{"id":578,"href":"https:\/\/dronesil.com.tr\/index.php\/wp-json\/wp\/v2\/pages\/219\/revisions\/578"}],"wp:attachment":[{"href":"https:\/\/dronesil.com.tr\/index.php\/wp-json\/wp\/v2\/media?parent=219"}],"curies":[{"name":"wp","href":"https:\/\/api.w.org\/{rel}","templated":true}]}}